{"id":1062,"date":"2026-01-12T08:39:27","date_gmt":"2026-01-12T07:39:27","guid":{"rendered":"https:\/\/www.rudolf-schoen-weg.at\/?page_id=1062"},"modified":"2026-01-12T08:47:10","modified_gmt":"2026-01-12T07:47:10","slug":"projekte","status":"publish","type":"page","link":"https:\/\/www.rudolf-schoen-weg.at\/index.php\/schulevents\/projekte\/","title":{"rendered":"Projekte"},"content":{"rendered":"<ul class=\"wp-block-latest-posts__list wp-block-latest-posts\"><li><div class=\"wp-block-latest-posts__featured-image alignleft\"><img loading=\"lazy\" decoding=\"async\" width=\"225\" height=\"300\" src=\"https:\/\/www.rudolf-schoen-weg.at\/wp-content\/uploads\/2026\/01\/IMG_2899-225x300.jpeg\" class=\"attachment-medium size-medium wp-post-image\" alt=\"\" style=\"\" srcset=\"https:\/\/www.rudolf-schoen-weg.at\/wp-content\/uploads\/2026\/01\/IMG_2899-225x300.jpeg 225w, https:\/\/www.rudolf-schoen-weg.at\/wp-content\/uploads\/2026\/01\/IMG_2899-768x1024.jpeg 768w, https:\/\/www.rudolf-schoen-weg.at\/wp-content\/uploads\/2026\/01\/IMG_2899-1152x1536.jpeg 1152w, https:\/\/www.rudolf-schoen-weg.at\/wp-content\/uploads\/2026\/01\/IMG_2899.jpeg 1536w\" sizes=\"auto, (max-width: 225px) 100vw, 225px\" \/><\/div><a class=\"wp-block-latest-posts__post-title\" href=\"https:\/\/www.rudolf-schoen-weg.at\/index.php\/2026\/01\/12\/projekttage-wildtiere-und-naturschutz\/\">Projekttage: \ud83e\udd8c\ud83c\udf31Wildtiere und Naturschutz \ud83d\udc3e<\/a><div class=\"wp-block-latest-posts__post-excerpt\">Im Rahmen von drei spannenden Projekttagen besch\u00e4ftigten sich alle 1. Klassen intensiv mit dem Thema Wildtiere und Naturschutz. Ziel war es, den Sch\u00fclerinnen und Sch\u00fclern auf vielf\u00e4ltige und altersgerechte Weise die Bedeutung des Schutzes unserer\u2026\u00a0<a class=\"wp-block-latest-posts__read-more\" href=\"https:\/\/www.rudolf-schoen-weg.at\/index.php\/2026\/01\/12\/projekttage-wildtiere-und-naturschutz\/\" rel=\"noopener noreferrer\"><span class=\"screen-reader-text\">Projekttage: \ud83e\udd8c\ud83c\udf31Wildtiere und Naturschutz \ud83d\udc3e <\/span>weiterlesen<\/a><\/div><\/li>\n<\/ul>\n\n\n<p><\/p>\n","protected":false},"excerpt":{"rendered":"","protected":false},"author":2,"featured_media":0,"parent":311,"menu_order":0,"comment_status":"closed","ping_status":"closed","template":"","meta":{"_EventAllDay":false,"_EventTimezone":"","_EventStartDate":"","_EventEndDate":"","_EventStartDateUTC":"","_EventEndDateUTC":"","_EventShowMap":false,"_EventShowMapLink":false,"_EventURL":"","_EventCost":"","_EventCostDescription":"","_EventCurrencySymbol":"","_EventCurrencyCode":"","_EventCurrencyPosition":"","_EventDateTimeSeparator":"","_EventTimeRangeSeparator":"","_EventOrganizerID":[],"_EventVenueID":[],"_OrganizerEmail":"","_OrganizerPhone":"","_OrganizerWebsite":"","_VenueAddress":"","_VenueCity":"","_VenueCountry":"","_VenueProvince":"","_VenueState":"","_VenueZip":"","_VenuePhone":"","_VenueURL":"","_VenueStateProvince":"","_VenueLat":"","_VenueLng":"","_VenueShowMap":false,"_VenueShowMapLink":false,"footnotes":""},"class_list":["post-1062","page","type-page","status-publish","hentry"],"_links":{"self":[{"href":"https:\/\/www.rudolf-schoen-weg.at\/index.php\/wp-json\/wp\/v2\/pages\/1062","targetHints":{"allow":["GET"]}}],"collection":[{"href":"https:\/\/www.rudolf-schoen-weg.at\/index.php\/wp-json\/wp\/v2\/pages"}],"about":[{"href":"https:\/\/www.rudolf-schoen-weg.at\/index.php\/wp-json\/wp\/v2\/types\/page"}],"author":[{"embeddable":true,"href":"https:\/\/www.rudolf-schoen-weg.at\/index.php\/wp-json\/wp\/v2\/users\/2"}],"replies":[{"embeddable":true,"href":"https:\/\/www.rudolf-schoen-weg.at\/index.php\/wp-json\/wp\/v2\/comments?post=1062"}],"version-history":[{"count":4,"href":"https:\/\/www.rudolf-schoen-weg.at\/index.php\/wp-json\/wp\/v2\/pages\/1062\/revisions"}],"predecessor-version":[{"id":1067,"href":"https:\/\/www.rudolf-schoen-weg.at\/index.php\/wp-json\/wp\/v2\/pages\/1062\/revisions\/1067"}],"up":[{"embeddable":true,"href":"https:\/\/www.rudolf-schoen-weg.at\/index.php\/wp-json\/wp\/v2\/pages\/311"}],"wp:attachment":[{"href":"https:\/\/www.rudolf-schoen-weg.at\/index.php\/wp-json\/wp\/v2\/media?parent=1062"}],"curies":[{"name":"wp","href":"https:\/\/api.w.org\/{rel}","templated":true}]}}