{"id":1109,"date":"2026-01-29T15:00:16","date_gmt":"2026-01-29T14:00:16","guid":{"rendered":"https:\/\/www.rudolf-schoen-weg.at\/?page_id=1109"},"modified":"2026-01-29T15:09:06","modified_gmt":"2026-01-29T14:09:06","slug":"unser-leitbild","status":"publish","type":"page","link":"https:\/\/www.rudolf-schoen-weg.at\/index.php\/unsere-schule\/unser-leitbild\/","title":{"rendered":"Unser Leitbild"},"content":{"rendered":"\n<div class=\"wp-block-group alignfull has-base-2-background-color has-background has-global-padding is-layout-constrained wp-container-core-group-is-layout-669513ed wp-block-group-is-layout-constrained\" style=\"margin-top:0;margin-bottom:0;padding-top:var(--wp--preset--spacing--50);padding-right:var(--wp--preset--spacing--50);padding-bottom:var(--wp--preset--spacing--50);padding-left:var(--wp--preset--spacing--50)\">\n<figure class=\"wp-block-image alignwide size-large\"><img loading=\"lazy\" decoding=\"async\" width=\"1024\" height=\"419\" src=\"https:\/\/www.rudolf-schoen-weg.at\/wp-content\/uploads\/2026\/01\/Logo_Leitbild-1024x419.png\" alt=\"\" class=\"wp-image-1111\" srcset=\"https:\/\/www.rudolf-schoen-weg.at\/wp-content\/uploads\/2026\/01\/Logo_Leitbild-1024x419.png 1024w, https:\/\/www.rudolf-schoen-weg.at\/wp-content\/uploads\/2026\/01\/Logo_Leitbild-300x123.png 300w, https:\/\/www.rudolf-schoen-weg.at\/wp-content\/uploads\/2026\/01\/Logo_Leitbild-768x314.png 768w, https:\/\/www.rudolf-schoen-weg.at\/wp-content\/uploads\/2026\/01\/Logo_Leitbild.png 1251w\" sizes=\"auto, (max-width: 1024px) 100vw, 1024px\" \/><\/figure>\n\n\n\n<div class=\"wp-block-columns alignwide is-layout-flex wp-container-core-columns-is-layout-d0bbbce0 wp-block-columns-is-layout-flex\">\n<div class=\"wp-block-column is-layout-flow wp-container-core-column-is-layout-e3d1c41b wp-block-column-is-layout-flow\">\n<h3 class=\"wp-block-heading has-text-align-left is-style-asterisk has-body-font-family\" style=\"font-size:clamp(0.875rem, 0.875rem + ((1vw - 0.2rem) * 0.542), 1.2rem);font-style:normal;font-weight:600\"><strong>\ud83c\udf0d Nachhaltigkeit<\/strong><\/h3>\n\n\n\n<p class=\"has-text-align-left\">Verantwortungsvoller Umgang mit Ressourcen<\/p>\n\n\n\n<p>M\u00fclltrennung, Energiesparen &amp; Mehrwegtrinkflaschen<\/p>\n\n\n\n<p>\u00d6KOLOG-Projekte &amp; j\u00e4hrliches zweit\u00e4giges \u00d6kologie-Projekt<\/p>\n\n\n\n<p>Gem\u00fcseAckerdemie &amp; 14 Hochbeete<\/p>\n\n\n\n<p class=\"has-text-align-left\">F\u00f6rderung der Artenvielfalt<\/p>\n<\/div>\n\n\n\n<div class=\"wp-block-column is-layout-flow wp-container-core-column-is-layout-e3d1c41b wp-block-column-is-layout-flow\">\n<h3 class=\"wp-block-heading has-text-align-left is-style-asterisk has-body-font-family\" style=\"font-size:clamp(0.875rem, 0.875rem + ((1vw - 0.2rem) * 0.542), 1.2rem);font-style:normal;font-weight:600\"><strong>\ud83e\udd1d Gemeinschaft<\/strong><\/h3>\n\n\n\n<p class=\"has-text-align-left\">Mitbestimmung &amp; aktive Beteiligung der Sch\u00fclerInnen<\/p>\n\n\n\n<p>Verantwortung \u00fcbernehmen \u2013 gemeinsam handeln<\/p>\n\n\n\n<p class=\"has-text-align-left\">Schule als Lebens- und Lernraum<\/p>\n<\/div>\n\n\n\n<div class=\"wp-block-column is-layout-flow wp-container-core-column-is-layout-e3d1c41b wp-block-column-is-layout-flow\">\n<h3 class=\"wp-block-heading has-text-align-left is-style-asterisk has-body-font-family\" style=\"font-size:clamp(0.875rem, 0.875rem + ((1vw - 0.2rem) * 0.542), 1.2rem);font-style:normal;font-weight:600\"><strong>\ud83d\udd4a\ufe0f Respekt &amp; Gewaltfreiheit<\/strong><\/h3>\n\n\n\n<p class=\"has-text-align-left\">Gewalt hat an unserer Schule keinen Platz<\/p>\n\n\n\n<p>Wertsch\u00e4tzender Umgang miteinander<\/p>\n\n\n\n<p>Gelebte gewaltfreie Kommunikation<\/p>\n\n\n\n<p class=\"has-text-align-left\">Konflikte l\u00f6sungsorientiert kl\u00e4ren<\/p>\n<\/div>\n<\/div>\n\n\n\n<div style=\"height:var(--wp--preset--spacing--20)\" aria-hidden=\"true\" class=\"wp-block-spacer\"><\/div>\n\n\n\n<div class=\"wp-block-columns alignwide is-layout-flex wp-container-core-columns-is-layout-d0bbbce0 wp-block-columns-is-layout-flex\">\n<div class=\"wp-block-column is-layout-flow wp-container-core-column-is-layout-e3d1c41b wp-block-column-is-layout-flow\">\n<h3 class=\"wp-block-heading has-text-align-left is-style-asterisk has-body-font-family\" style=\"font-size:clamp(0.875rem, 0.875rem + ((1vw - 0.2rem) * 0.542), 1.2rem);font-style:normal;font-weight:600\"><strong>\ud83c\udfc3 Bewegung &amp; Sport<\/strong><\/h3>\n\n\n\n<p class=\"has-text-align-left\">Sportschwerpunkt als fixer Bestandteil<\/p>\n\n\n\n<p>Teilnahme an zahlreichen Sportwettk\u00e4mpfen<\/p>\n\n\n\n<p class=\"has-text-align-left\">Fairness, Teamgeist &amp; Freude an Bewegung<\/p>\n<\/div>\n\n\n\n<div class=\"wp-block-column is-layout-flow wp-container-core-column-is-layout-e3d1c41b wp-block-column-is-layout-flow\">\n<h3 class=\"wp-block-heading has-text-align-left is-style-asterisk has-body-font-family\" style=\"font-size:clamp(0.875rem, 0.875rem + ((1vw - 0.2rem) * 0.542), 1.2rem);font-style:normal;font-weight:600\"><strong>\ud83c\uddea\ud83c\uddfa Europa &amp; Weltoffenheit<\/strong><\/h3>\n\n\n\n<p class=\"has-text-align-left\">Teilnahme an Erasmus+<\/p>\n\n\n\n<p>Interkulturelles Lernen &amp; Austausch<\/p>\n\n\n\n<p class=\"has-text-align-left\">Europ\u00e4ischen Gedanken leben und weitertragen<\/p>\n<\/div>\n\n\n\n<div class=\"wp-block-column is-layout-flow wp-container-core-column-is-layout-e3d1c41b wp-block-column-is-layout-flow\">\n<h3 class=\"wp-block-heading has-text-align-left is-style-asterisk has-body-font-family\" style=\"font-size:clamp(0.875rem, 0.875rem + ((1vw - 0.2rem) * 0.542), 1.2rem);font-style:normal;font-weight:600\"><strong>\ud83d\ude80 Unser Anspruch<\/strong><\/h3>\n\n\n\n<p class=\"has-text-align-left\"><strong>Nachhaltig denken \u2013 respektvoll handeln \u2013 gemeinsam Zukunft gestalten<\/strong><\/p>\n<\/div>\n<\/div>\n<\/div>\n","protected":false},"excerpt":{"rendered":"<p>\ud83c\udf0d Nachhaltigkeit Verantwortungsvoller Umgang mit Ressourcen M\u00fclltrennung, Energiesparen &amp; Mehrwegtrinkflaschen \u00d6KOLOG-Projekte &amp; j\u00e4hrliches zweit\u00e4giges \u00d6kologie-Projekt Gem\u00fcseAckerdemie &amp; 14 Hochbeete F\u00f6rderung der Artenvielfalt \ud83e\udd1d Gemeinschaft Mitbestimmung &amp; aktive Beteiligung der Sch\u00fclerInnen [&hellip;]<\/p>\n","protected":false},"author":2,"featured_media":0,"parent":240,"menu_order":0,"comment_status":"closed","ping_status":"closed","template":"","meta":{"_EventAllDay":false,"_EventTimezone":"","_EventStartDate":"","_EventEndDate":"","_EventStartDateUTC":"","_EventEndDateUTC":"","_EventShowMap":false,"_EventShowMapLink":false,"_EventURL":"","_EventCost":"","_EventCostDescription":"","_EventCurrencySymbol":"","_EventCurrencyCode":"","_EventCurrencyPosition":"","_EventDateTimeSeparator":"","_EventTimeRangeSeparator":"","_EventOrganizerID":[],"_EventVenueID":[],"_OrganizerEmail":"","_OrganizerPhone":"","_OrganizerWebsite":"","_VenueAddress":"","_VenueCity":"","_VenueCountry":"","_VenueProvince":"","_VenueState":"","_VenueZip":"","_VenuePhone":"","_VenueURL":"","_VenueStateProvince":"","_VenueLat":"","_VenueLng":"","_VenueShowMap":false,"_VenueShowMapLink":false,"footnotes":""},"class_list":["post-1109","page","type-page","status-publish","hentry"],"_links":{"self":[{"href":"https:\/\/www.rudolf-schoen-weg.at\/index.php\/wp-json\/wp\/v2\/pages\/1109","targetHints":{"allow":["GET"]}}],"collection":[{"href":"https:\/\/www.rudolf-schoen-weg.at\/index.php\/wp-json\/wp\/v2\/pages"}],"about":[{"href":"https:\/\/www.rudolf-schoen-weg.at\/index.php\/wp-json\/wp\/v2\/types\/page"}],"author":[{"embeddable":true,"href":"https:\/\/www.rudolf-schoen-weg.at\/index.php\/wp-json\/wp\/v2\/users\/2"}],"replies":[{"embeddable":true,"href":"https:\/\/www.rudolf-schoen-weg.at\/index.php\/wp-json\/wp\/v2\/comments?post=1109"}],"version-history":[{"count":2,"href":"https:\/\/www.rudolf-schoen-weg.at\/index.php\/wp-json\/wp\/v2\/pages\/1109\/revisions"}],"predecessor-version":[{"id":1112,"href":"https:\/\/www.rudolf-schoen-weg.at\/index.php\/wp-json\/wp\/v2\/pages\/1109\/revisions\/1112"}],"up":[{"embeddable":true,"href":"https:\/\/www.rudolf-schoen-weg.at\/index.php\/wp-json\/wp\/v2\/pages\/240"}],"wp:attachment":[{"href":"https:\/\/www.rudolf-schoen-weg.at\/index.php\/wp-json\/wp\/v2\/media?parent=1109"}],"curies":[{"name":"wp","href":"https:\/\/api.w.org\/{rel}","templated":true}]}}