{"id":298,"date":"2025-10-06T11:17:26","date_gmt":"2025-10-06T11:17:26","guid":{"rendered":"https:\/\/rudolf-schoen-weg.at\/wordpress\/?page_id=298"},"modified":"2025-10-09T08:38:52","modified_gmt":"2025-10-09T08:38:52","slug":"puma-schule","status":"publish","type":"page","link":"https:\/\/www.rudolf-schoen-weg.at\/index.php\/unsere-schule\/puma-schule\/","title":{"rendered":"PUMA-Schule"},"content":{"rendered":"\n<div class=\"wp-block-group is-nowrap is-layout-flex wp-container-core-group-is-layout-6c531013 wp-block-group-is-layout-flex\">\n<figure class=\"wp-block-image size-large is-resized\"><img loading=\"lazy\" decoding=\"async\" width=\"1024\" height=\"754\" src=\"https:\/\/rudolf-schoen-weg.at\/\/wp-content\/uploads\/2025\/10\/200326_PUMA_Projektkennzeichnung_RGB_v03_RZ_unten_links2583-1024x754.jpg\" alt=\"\" class=\"wp-image-299\" style=\"width:223px;height:auto\" srcset=\"https:\/\/www.rudolf-schoen-weg.at\/wp-content\/uploads\/2025\/10\/200326_PUMA_Projektkennzeichnung_RGB_v03_RZ_unten_links2583-1024x754.jpg 1024w, https:\/\/www.rudolf-schoen-weg.at\/wp-content\/uploads\/2025\/10\/200326_PUMA_Projektkennzeichnung_RGB_v03_RZ_unten_links2583-300x221.jpg 300w, https:\/\/www.rudolf-schoen-weg.at\/wp-content\/uploads\/2025\/10\/200326_PUMA_Projektkennzeichnung_RGB_v03_RZ_unten_links2583-768x565.jpg 768w, https:\/\/www.rudolf-schoen-weg.at\/wp-content\/uploads\/2025\/10\/200326_PUMA_Projektkennzeichnung_RGB_v03_RZ_unten_links2583-1536x1130.jpg 1536w, https:\/\/www.rudolf-schoen-weg.at\/wp-content\/uploads\/2025\/10\/200326_PUMA_Projektkennzeichnung_RGB_v03_RZ_unten_links2583.jpg 1920w\" sizes=\"auto, (max-width: 1024px) 100vw, 1024px\" \/><\/figure>\n\n\n\n<div class=\"wp-block-group is-nowrap is-layout-flex wp-container-core-group-is-layout-6c531013 wp-block-group-is-layout-flex\">\n<div class=\"wp-block-group has-global-padding is-layout-constrained wp-block-group-is-layout-constrained\">\n<div class=\"wp-block-group is-content-justification-center is-nowrap is-layout-flex wp-container-core-group-is-layout-23441af8 wp-block-group-is-layout-flex\">\n<div class=\"wp-block-group is-nowrap is-layout-flex wp-container-core-group-is-layout-6c531013 wp-block-group-is-layout-flex\">\n<p class=\"has-text-align-left\">Unsere Schule nimmt am Umweltmanagement-Programm \u201ePUMA-Schulen\u201c teil. Wir bem\u00fchen uns dabei mit ganz konkreten Ma\u00dfnahmen um die Einsparung von Energie, um \u00f6kologischen Einkauf, richtige Abfalltrennung und umweltfreundliches Mobilit\u00e4tsverhalten.<\/p>\n<\/div>\n<\/div>\n<\/div>\n<\/div>\n<\/div>\n\n\n\n<p>Weitere Informationen zu \u201ePUMA-Schulen\u201c finden Sie auf<a href=\"http:\/\/puma.lehrerweb.at\"> http:\/\/puma.lehrerweb.at<\/a>, wo die einzelnen Umweltma\u00dfnahmen auch n\u00e4her beschrieben sind. Einen Link auf die \u201ePUMA-Schulen\u201c Internetseite finden Sie auch auf <a href=\"http:\/\/www.lehrerweb.at\/\">www.lehrerweb.at<\/a>.<\/p>\n\n\n\n<p><\/p>\n","protected":false},"excerpt":{"rendered":"<p>Unsere Schule nimmt am Umweltmanagement-Programm \u201ePUMA-Schulen\u201c teil. Wir bem\u00fchen uns dabei mit ganz konkreten Ma\u00dfnahmen um die Einsparung von Energie, um \u00f6kologischen Einkauf, richtige Abfalltrennung und umweltfreundliches Mobilit\u00e4tsverhalten. Weitere Informationen [&hellip;]<\/p>\n","protected":false},"author":1,"featured_media":0,"parent":240,"menu_order":5,"comment_status":"closed","ping_status":"closed","template":"","meta":{"_EventAllDay":false,"_EventTimezone":"","_EventStartDate":"","_EventEndDate":"","_EventStartDateUTC":"","_EventEndDateUTC":"","_EventShowMap":false,"_EventShowMapLink":false,"_EventURL":"","_EventCost":"","_EventCostDescription":"","_EventCurrencySymbol":"","_EventCurrencyCode":"","_EventCurrencyPosition":"","_EventDateTimeSeparator":"","_EventTimeRangeSeparator":"","_EventOrganizerID":[],"_EventVenueID":[],"_OrganizerEmail":"","_OrganizerPhone":"","_OrganizerWebsite":"","_VenueAddress":"","_VenueCity":"","_VenueCountry":"","_VenueProvince":"","_VenueState":"","_VenueZip":"","_VenuePhone":"","_VenueURL":"","_VenueStateProvince":"","_VenueLat":"","_VenueLng":"","_VenueShowMap":false,"_VenueShowMapLink":false,"footnotes":""},"class_list":["post-298","page","type-page","status-publish","hentry"],"_links":{"self":[{"href":"https:\/\/www.rudolf-schoen-weg.at\/index.php\/wp-json\/wp\/v2\/pages\/298","targetHints":{"allow":["GET"]}}],"collection":[{"href":"https:\/\/www.rudolf-schoen-weg.at\/index.php\/wp-json\/wp\/v2\/pages"}],"about":[{"href":"https:\/\/www.rudolf-schoen-weg.at\/index.php\/wp-json\/wp\/v2\/types\/page"}],"author":[{"embeddable":true,"href":"https:\/\/www.rudolf-schoen-weg.at\/index.php\/wp-json\/wp\/v2\/users\/1"}],"replies":[{"embeddable":true,"href":"https:\/\/www.rudolf-schoen-weg.at\/index.php\/wp-json\/wp\/v2\/comments?post=298"}],"version-history":[{"count":3,"href":"https:\/\/www.rudolf-schoen-weg.at\/index.php\/wp-json\/wp\/v2\/pages\/298\/revisions"}],"predecessor-version":[{"id":338,"href":"https:\/\/www.rudolf-schoen-weg.at\/index.php\/wp-json\/wp\/v2\/pages\/298\/revisions\/338"}],"up":[{"embeddable":true,"href":"https:\/\/www.rudolf-schoen-weg.at\/index.php\/wp-json\/wp\/v2\/pages\/240"}],"wp:attachment":[{"href":"https:\/\/www.rudolf-schoen-weg.at\/index.php\/wp-json\/wp\/v2\/media?parent=298"}],"curies":[{"name":"wp","href":"https:\/\/api.w.org\/{rel}","templated":true}]}}