{"id":307,"date":"2025-10-06T11:26:57","date_gmt":"2025-10-06T11:26:57","guid":{"rendered":"https:\/\/rudolf-schoen-weg.at\/wordpress\/?page_id=307"},"modified":"2026-04-14T11:45:13","modified_gmt":"2026-04-14T10:45:13","slug":"gemuese-ackerdemie","status":"publish","type":"page","link":"https:\/\/www.rudolf-schoen-weg.at\/index.php\/unsere-schule\/gemuese-ackerdemie\/","title":{"rendered":"Gem\u00fcse Ackerdemie"},"content":{"rendered":"\n<div class=\"wp-block-columns alignwide is-layout-flex wp-container-core-columns-is-layout-28f84493 wp-block-columns-is-layout-flex\">\n<div class=\"wp-block-column is-layout-flow wp-block-column-is-layout-flow\">\n<p style=\"font-size:clamp(22.544px, 1.409rem + ((1vw - 3.2px) * 1.506), 37px);\">\ud83e\udd66Unsere Gem\u00fcseAckerdemie startet in die 3. Runde!<\/p>\n\n\n\n<p style=\"font-size:clamp(15.747px, 0.984rem + ((1vw - 3.2px) * 0.86), 24px);\">Auch in diesem Schuljahr hei\u00dft es wieder: ackern, pflegen, ernten! \ud83c\udf31\ud83e\udd6c<br>Bereits zum dritten Mal ist unsere Schule Teil der Gem\u00fcseAckerdemie, und im September konnten wir stolz das erste Gem\u00fcse aus unseren neuen Hochbeeten ernten.<\/p>\n<\/div>\n<\/div>\n\n\n\n<div class=\"wp-block-group alignwide is-layout-grid wp-container-core-group-is-layout-988b637e wp-block-group-is-layout-grid\">\n<figure class=\"wp-block-image size-large\"><img loading=\"lazy\" decoding=\"async\" width=\"768\" height=\"1024\" src=\"https:\/\/rudolf-schoen-weg.at\/\/wp-content\/uploads\/2025\/11\/WhatsApp-Bild-2025-11-02-um-15.04.16_0ee84703-768x1024.jpg\" alt=\"\" class=\"wp-image-810\" srcset=\"https:\/\/www.rudolf-schoen-weg.at\/wp-content\/uploads\/2025\/11\/WhatsApp-Bild-2025-11-02-um-15.04.16_0ee84703-768x1024.jpg 768w, https:\/\/www.rudolf-schoen-weg.at\/wp-content\/uploads\/2025\/11\/WhatsApp-Bild-2025-11-02-um-15.04.16_0ee84703-225x300.jpg 225w, https:\/\/www.rudolf-schoen-weg.at\/wp-content\/uploads\/2025\/11\/WhatsApp-Bild-2025-11-02-um-15.04.16_0ee84703-1152x1536.jpg 1152w, https:\/\/www.rudolf-schoen-weg.at\/wp-content\/uploads\/2025\/11\/WhatsApp-Bild-2025-11-02-um-15.04.16_0ee84703.jpg 1500w\" sizes=\"auto, (max-width: 768px) 100vw, 768px\" \/><\/figure>\n\n\n\n<figure class=\"wp-block-image size-large\"><img loading=\"lazy\" decoding=\"async\" width=\"768\" height=\"1024\" src=\"https:\/\/rudolf-schoen-weg.at\/\/wp-content\/uploads\/2025\/11\/WhatsApp-Bild-2025-11-02-um-15.04.18_a11f1867-768x1024.jpg\" alt=\"\" class=\"wp-image-811\" srcset=\"https:\/\/www.rudolf-schoen-weg.at\/wp-content\/uploads\/2025\/11\/WhatsApp-Bild-2025-11-02-um-15.04.18_a11f1867-768x1024.jpg 768w, https:\/\/www.rudolf-schoen-weg.at\/wp-content\/uploads\/2025\/11\/WhatsApp-Bild-2025-11-02-um-15.04.18_a11f1867-225x300.jpg 225w, https:\/\/www.rudolf-schoen-weg.at\/wp-content\/uploads\/2025\/11\/WhatsApp-Bild-2025-11-02-um-15.04.18_a11f1867-1152x1536.jpg 1152w, https:\/\/www.rudolf-schoen-weg.at\/wp-content\/uploads\/2025\/11\/WhatsApp-Bild-2025-11-02-um-15.04.18_a11f1867.jpg 1500w\" sizes=\"auto, (max-width: 768px) 100vw, 768px\" \/><\/figure>\n\n\n\n<figure class=\"wp-block-image size-large\"><img loading=\"lazy\" decoding=\"async\" width=\"768\" height=\"1024\" src=\"https:\/\/rudolf-schoen-weg.at\/\/wp-content\/uploads\/2025\/11\/WhatsApp-Bild-2025-11-02-um-15.04.18_887053d7-768x1024.jpg\" alt=\"\" class=\"wp-image-812\" srcset=\"https:\/\/www.rudolf-schoen-weg.at\/wp-content\/uploads\/2025\/11\/WhatsApp-Bild-2025-11-02-um-15.04.18_887053d7-768x1024.jpg 768w, https:\/\/www.rudolf-schoen-weg.at\/wp-content\/uploads\/2025\/11\/WhatsApp-Bild-2025-11-02-um-15.04.18_887053d7-225x300.jpg 225w, https:\/\/www.rudolf-schoen-weg.at\/wp-content\/uploads\/2025\/11\/WhatsApp-Bild-2025-11-02-um-15.04.18_887053d7-1152x1536.jpg 1152w, https:\/\/www.rudolf-schoen-weg.at\/wp-content\/uploads\/2025\/11\/WhatsApp-Bild-2025-11-02-um-15.04.18_887053d7.jpg 1500w\" sizes=\"auto, (max-width: 768px) 100vw, 768px\" \/><\/figure>\n<\/div>\n\n\n\n<div class=\"wp-block-columns alignwide is-layout-flex wp-container-core-columns-is-layout-28f84493 wp-block-columns-is-layout-flex\">\n<div class=\"wp-block-column is-layout-flow wp-block-column-is-layout-flow\">\n<p style=\"font-size:clamp(15.747px, 0.984rem + ((1vw - 3.2px) * 0.86), 24px);\">Nach den Sommerferien hie\u00df es zun\u00e4chst: Gartenger\u00e4te nehmen, Arbeitshandschuhe anziehen und die \u00c4rmel hochkrempeln \u2013 mit viel Einsatz und Begeisterung waren unsere Sch\u00fclerInnen dabei. Gemeinsam wurde gej\u00e4tet, gegraben und geerntet \u2013 und nat\u00fcrlich probiert! \ud83e\udd55\ud83c\udf45<\/p>\n<\/div>\n<\/div>\n\n\n\n<div class=\"wp-block-group alignwide is-layout-grid wp-container-core-group-is-layout-29271053 wp-block-group-is-layout-grid\">\n<figure class=\"wp-block-image size-large\"><img loading=\"lazy\" decoding=\"async\" width=\"768\" height=\"1024\" src=\"https:\/\/rudolf-schoen-weg.at\/\/wp-content\/uploads\/2025\/11\/WhatsApp-Bild-2025-11-02-um-15.04.14_8f714695-768x1024.jpg\" alt=\"\" class=\"wp-image-814\" srcset=\"https:\/\/www.rudolf-schoen-weg.at\/wp-content\/uploads\/2025\/11\/WhatsApp-Bild-2025-11-02-um-15.04.14_8f714695-768x1024.jpg 768w, https:\/\/www.rudolf-schoen-weg.at\/wp-content\/uploads\/2025\/11\/WhatsApp-Bild-2025-11-02-um-15.04.14_8f714695-225x300.jpg 225w, https:\/\/www.rudolf-schoen-weg.at\/wp-content\/uploads\/2025\/11\/WhatsApp-Bild-2025-11-02-um-15.04.14_8f714695-1152x1536.jpg 1152w, https:\/\/www.rudolf-schoen-weg.at\/wp-content\/uploads\/2025\/11\/WhatsApp-Bild-2025-11-02-um-15.04.14_8f714695.jpg 1500w\" sizes=\"auto, (max-width: 768px) 100vw, 768px\" \/><\/figure>\n\n\n\n<figure class=\"wp-block-image size-large\"><img loading=\"lazy\" decoding=\"async\" width=\"768\" height=\"1024\" src=\"https:\/\/rudolf-schoen-weg.at\/\/wp-content\/uploads\/2025\/11\/WhatsApp-Bild-2025-11-02-um-15.04.15_569df777-768x1024.jpg\" alt=\"\" class=\"wp-image-815\" srcset=\"https:\/\/www.rudolf-schoen-weg.at\/wp-content\/uploads\/2025\/11\/WhatsApp-Bild-2025-11-02-um-15.04.15_569df777-768x1024.jpg 768w, https:\/\/www.rudolf-schoen-weg.at\/wp-content\/uploads\/2025\/11\/WhatsApp-Bild-2025-11-02-um-15.04.15_569df777-225x300.jpg 225w, https:\/\/www.rudolf-schoen-weg.at\/wp-content\/uploads\/2025\/11\/WhatsApp-Bild-2025-11-02-um-15.04.15_569df777-1152x1536.jpg 1152w, https:\/\/www.rudolf-schoen-weg.at\/wp-content\/uploads\/2025\/11\/WhatsApp-Bild-2025-11-02-um-15.04.15_569df777.jpg 1500w\" sizes=\"auto, (max-width: 768px) 100vw, 768px\" \/><\/figure>\n<\/div>\n\n\n\n<div class=\"wp-block-columns alignwide is-layout-flex wp-container-core-columns-is-layout-28f84493 wp-block-columns-is-layout-flex\">\n<div class=\"wp-block-column is-layout-flow wp-block-column-is-layout-flow\">\n<p style=\"font-size:clamp(17.905px, 1.119rem + ((1vw - 3.2px) * 1.052), 28px);\">Wir freuen uns schon auf die kommende Zeit, in der wir weiter pflanzen, beobachten und lernen, wie unser Gem\u00fcse&nbsp;w\u00e4chst.&nbsp;\ud83c\udf3f\ud83c\udf3f<\/p>\n<\/div>\n<\/div>\n\n\n\n<hr class=\"wp-block-separator has-alpha-channel-opacity\"\/>\n\n\n\n<h3 class=\"wp-block-heading alignwide\"><strong>April 2026 | Anbau der neuen Gem\u00fcsesorten und Kr\u00e4uter<\/strong><\/h3>\n\n\n\n<div class=\"wp-block-columns alignwide is-layout-flex wp-container-core-columns-is-layout-28f84493 wp-block-columns-is-layout-flex\">\n<div class=\"wp-block-column is-layout-flow wp-block-column-is-layout-flow\">\n<figure class=\"wp-block-image size-large\"><img loading=\"lazy\" decoding=\"async\" width=\"768\" height=\"1024\" src=\"https:\/\/www.rudolf-schoen-weg.at\/wp-content\/uploads\/2026\/04\/Gemuese-Acker-768x1024.jpeg\" alt=\"\" class=\"wp-image-1405\" srcset=\"https:\/\/www.rudolf-schoen-weg.at\/wp-content\/uploads\/2026\/04\/Gemuese-Acker-768x1024.jpeg 768w, https:\/\/www.rudolf-schoen-weg.at\/wp-content\/uploads\/2026\/04\/Gemuese-Acker-225x300.jpeg 225w, https:\/\/www.rudolf-schoen-weg.at\/wp-content\/uploads\/2026\/04\/Gemuese-Acker-1152x1536.jpeg 1152w, https:\/\/www.rudolf-schoen-weg.at\/wp-content\/uploads\/2026\/04\/Gemuese-Acker.jpeg 1200w\" sizes=\"auto, (max-width: 768px) 100vw, 768px\" \/><\/figure>\n<\/div>\n\n\n\n<div class=\"wp-block-column is-layout-flow wp-block-column-is-layout-flow\">\n<figure class=\"wp-block-image size-large\"><img loading=\"lazy\" decoding=\"async\" width=\"768\" height=\"1024\" src=\"https:\/\/www.rudolf-schoen-weg.at\/wp-content\/uploads\/2026\/04\/Gemueueue-768x1024.jpeg\" alt=\"\" class=\"wp-image-1406\" srcset=\"https:\/\/www.rudolf-schoen-weg.at\/wp-content\/uploads\/2026\/04\/Gemueueue-768x1024.jpeg 768w, https:\/\/www.rudolf-schoen-weg.at\/wp-content\/uploads\/2026\/04\/Gemueueue-225x300.jpeg 225w, https:\/\/www.rudolf-schoen-weg.at\/wp-content\/uploads\/2026\/04\/Gemueueue-1152x1536.jpeg 1152w, https:\/\/www.rudolf-schoen-weg.at\/wp-content\/uploads\/2026\/04\/Gemueueue.jpeg 1200w\" sizes=\"auto, (max-width: 768px) 100vw, 768px\" \/><\/figure>\n<\/div>\n\n\n\n<div class=\"wp-block-column is-layout-flow wp-block-column-is-layout-flow\">\n<figure class=\"wp-block-image size-large\"><img loading=\"lazy\" decoding=\"async\" width=\"768\" height=\"1024\" src=\"https:\/\/www.rudolf-schoen-weg.at\/wp-content\/uploads\/2026\/04\/Gemueueuessse-1-768x1024.jpeg\" alt=\"\" class=\"wp-image-1407\" srcset=\"https:\/\/www.rudolf-schoen-weg.at\/wp-content\/uploads\/2026\/04\/Gemueueuessse-1-768x1024.jpeg 768w, https:\/\/www.rudolf-schoen-weg.at\/wp-content\/uploads\/2026\/04\/Gemueueuessse-1-225x300.jpeg 225w, https:\/\/www.rudolf-schoen-weg.at\/wp-content\/uploads\/2026\/04\/Gemueueuessse-1-1152x1536.jpeg 1152w, https:\/\/www.rudolf-schoen-weg.at\/wp-content\/uploads\/2026\/04\/Gemueueuessse-1.jpeg 1200w\" sizes=\"auto, (max-width: 768px) 100vw, 768px\" \/><\/figure>\n<\/div>\n<\/div>\n\n\n\n<div class=\"wp-block-group alignfull has-global-padding is-layout-constrained wp-container-core-group-is-layout-d89aad35 wp-block-group-is-layout-constrained\" style=\"margin-top:0;margin-bottom:0;padding-top:var(--wp--preset--spacing--50);padding-right:var(--wp--preset--spacing--50);padding-bottom:var(--wp--preset--spacing--50);padding-left:var(--wp--preset--spacing--50)\">\n<div class=\"wp-block-columns alignwide are-vertically-aligned-center is-layout-flex wp-container-core-columns-is-layout-47c06fe3 wp-block-columns-is-layout-flex\">\n<div class=\"wp-block-column is-vertically-aligned-center is-layout-flow wp-block-column-is-layout-flow\" style=\"flex-basis:70%\">\n<h2 class=\"wp-block-heading\">Eigenanbau f\u00fcr ein besseres Klima<\/h2>\n\n\n\n<p>Unsere Sch\u00fcler und Sch\u00fclerinnen bauen innerhalb eines Jahres bis zu 30 Gem\u00fcsearten nach \u00f6kologischen Kriterien an. Durch die Arbeit am eigenen Acker lernen sie Lebensmittel kennen, erleben, wie es w\u00e4chst und gedeiht und wie die Natur funktioniert.<\/p>\n<\/div>\n\n\n\n<div class=\"wp-block-column is-vertically-aligned-center is-layout-flow wp-block-column-is-layout-flow\" style=\"flex-basis:30%\">\n<figure class=\"wp-block-image size-full is-style-rounded is-style-rounded--1\"><img loading=\"lazy\" decoding=\"async\" width=\"200\" height=\"200\" src=\"https:\/\/rudolf-schoen-weg.at\/\/wp-content\/uploads\/2025\/10\/Logo_Gemueseackerdemie-662faf54b0f75-qt7kjy213oysustj1wrtrqfewiy6rffqm3fgjchaz4.png\" alt=\"\" class=\"wp-image-308\" style=\"aspect-ratio:4\/3;object-fit:cover\" srcset=\"https:\/\/www.rudolf-schoen-weg.at\/wp-content\/uploads\/2025\/10\/Logo_Gemueseackerdemie-662faf54b0f75-qt7kjy213oysustj1wrtrqfewiy6rffqm3fgjchaz4.png 200w, https:\/\/www.rudolf-schoen-weg.at\/wp-content\/uploads\/2025\/10\/Logo_Gemueseackerdemie-662faf54b0f75-qt7kjy213oysustj1wrtrqfewiy6rffqm3fgjchaz4-150x150.png 150w\" sizes=\"auto, (max-width: 200px) 100vw, 200px\" \/><\/figure>\n<\/div>\n<\/div>\n<\/div>\n\n\n\n<p><\/p>\n","protected":false},"excerpt":{"rendered":"<p>\ud83e\udd66Unsere Gem\u00fcseAckerdemie startet in die 3. Runde! Auch in diesem Schuljahr hei\u00dft es wieder: ackern, pflegen, ernten! \ud83c\udf31\ud83e\udd6cBereits zum dritten Mal ist unsere Schule Teil der Gem\u00fcseAckerdemie, und im September [&hellip;]<\/p>\n","protected":false},"author":1,"featured_media":0,"parent":240,"menu_order":8,"comment_status":"closed","ping_status":"closed","template":"","meta":{"_EventAllDay":false,"_EventTimezone":"","_EventStartDate":"","_EventEndDate":"","_EventStartDateUTC":"","_EventEndDateUTC":"","_EventShowMap":false,"_EventShowMapLink":false,"_EventURL":"","_EventCost":"","_EventCostDescription":"","_EventCurrencySymbol":"","_EventCurrencyCode":"","_EventCurrencyPosition":"","_EventDateTimeSeparator":"","_EventTimeRangeSeparator":"","_EventOrganizerID":[],"_EventVenueID":[],"_OrganizerEmail":"","_OrganizerPhone":"","_OrganizerWebsite":"","_VenueAddress":"","_VenueCity":"","_VenueCountry":"","_VenueProvince":"","_VenueState":"","_VenueZip":"","_VenuePhone":"","_VenueURL":"","_VenueStateProvince":"","_VenueLat":"","_VenueLng":"","_VenueShowMap":false,"_VenueShowMapLink":false,"footnotes":""},"class_list":["post-307","page","type-page","status-publish","hentry"],"_links":{"self":[{"href":"https:\/\/www.rudolf-schoen-weg.at\/index.php\/wp-json\/wp\/v2\/pages\/307","targetHints":{"allow":["GET"]}}],"collection":[{"href":"https:\/\/www.rudolf-schoen-weg.at\/index.php\/wp-json\/wp\/v2\/pages"}],"about":[{"href":"https:\/\/www.rudolf-schoen-weg.at\/index.php\/wp-json\/wp\/v2\/types\/page"}],"author":[{"embeddable":true,"href":"https:\/\/www.rudolf-schoen-weg.at\/index.php\/wp-json\/wp\/v2\/users\/1"}],"replies":[{"embeddable":true,"href":"https:\/\/www.rudolf-schoen-weg.at\/index.php\/wp-json\/wp\/v2\/comments?post=307"}],"version-history":[{"count":5,"href":"https:\/\/www.rudolf-schoen-weg.at\/index.php\/wp-json\/wp\/v2\/pages\/307\/revisions"}],"predecessor-version":[{"id":1409,"href":"https:\/\/www.rudolf-schoen-weg.at\/index.php\/wp-json\/wp\/v2\/pages\/307\/revisions\/1409"}],"up":[{"embeddable":true,"href":"https:\/\/www.rudolf-schoen-weg.at\/index.php\/wp-json\/wp\/v2\/pages\/240"}],"wp:attachment":[{"href":"https:\/\/www.rudolf-schoen-weg.at\/index.php\/wp-json\/wp\/v2\/media?parent=307"}],"curies":[{"name":"wp","href":"https:\/\/api.w.org\/{rel}","templated":true}]}}